the prime factors of 23079662.
2, 269, 42899
What are the prime factors of 474895?
5, 17, 37, 151
What are the prime factors of 11909645?
5, 11, 79, 2741
List the prime factors of 15259165.
5, 3051833
List the prime factors of 1162961.
1162961
What are the prime factors of 879297?
3, 293099
What are the prime factors of 1517472?
2, 3, 11, 479
List the prime factors of 11086970.
2, 5, 1108697
List the prime factors of 631159.
17, 137, 271
What are the prime factors of 27340847?
27340847
What are the prime factors of 177634?
2, 88817
What are the prime factors of 227343?
3, 75781
List the prime factors of 1646751.
3, 31, 17707
What are the prime factors of 10694322?
2, 3, 198043
List the prime factors of 1077324.
2, 3, 17, 5281
What are the prime factors of 245092?
2, 71, 863
What are the prime factors of 3245659?
3245659
What are the prime factors of 1148096?
2, 17939
What are the prime factors of 13530122?
2, 43, 157327
What are the prime factors of 152109?
3, 16901
What are the prime factors of 1323131?
1323131
List the prime factors of 135178.
2, 67589
What are the prime factors of 892468?
2, 19, 11743
List the prime factors of 117754.
2, 7, 13, 647
List the prime factors of 1653971.
11, 53, 2837
What are the prime factors of 74654?
2, 163, 229
What are the prime factors of 537259?
83, 6473
What are the prime factors of 1466160?
2, 3, 5, 41, 149
What are the prime factors of 29450600?
2, 5, 147253
What are the prime factors of 1203068?
2, 167, 1801
What are the prime factors of 947664?
2, 3, 6581
What are the prime factors of 13628067?
3, 17, 267217
List the prime factors of 11490246.
2, 3, 638347
What are the prime factors of 115837?
115837
List the prime factors of 516874.
2, 258437
List the prime factors of 744405.
3, 5, 49627
What are the prime factors of 705874?
2, 13, 17, 1597
List the prime factors of 96530.
2, 5, 7, 197
List the prime factors of 21266900.
2, 5, 212669
What are the prime factors of 1846656?
2, 3, 7, 229
What are the prime factors of 7636656?
2, 3, 159097
List the prime factors of 2118591.
3, 17, 61, 227
List the prime factors of 13838203.
23, 107, 5623
List the prime factors of 879723.
3, 13, 73, 103
What are the prime factors of 639604?
2, 7, 53, 431
What are the prime factors of 292111?
17, 17183
What are the prime factors of 162670?
2, 5, 16267
What are the prime factors of 10376215?
5, 709, 2927
What are the prime factors of 395710?
2, 5, 7, 5653
What are the prime factors of 8185527?
3, 7, 41, 3169
What are the prime factors of 962732?
2, 101, 2383
What are the prime factors of 1155202?
2, 577601
List the prime factors of 672143.
672143
What are the prime factors of 237467?
237467
What are the prime factors of 251076?
2, 3, 7, 61
List the prime factors of 165466.
2, 7, 53, 223
What are the prime factors of 795404?
2, 198851
What are the prime factors of 2680641?
3, 101, 983
List the prime factors of 2858466.
2, 3, 13, 2819
What are the prime factors of 143221?
13, 23, 479
What are the prime factors of 25526?
2, 12763
List the prime factors of 360836.
2, 7, 263
List the prime factors of 343073.
343073
List the prime factors of 416508.
2, 3, 61, 569
What are the prime factors of 206414?
2, 13, 17, 467
What are the prime factors of 477971?
13, 36767
List the prime factors of 398986.
2, 7, 28499
List the prime factors of 234871.
7, 13, 29, 89
List the prime factors of 20886497.
101, 227, 911
List the prime factors of 753062.
2, 376531
List the prime factors of 584503.
457, 1279
List the prime factors of 19411603.
17, 61, 18719
List the prime factors of 518431.
518431
List the prime factors of 73825.
5, 2953
List the prime factors of 446766.
2, 3, 19, 3919
What are the prime factors of 2799515?
5, 29, 43, 449
List the prime factors of 4864045.
5, 331, 2939
What are the prime factors of 2225128?
2, 19, 14639
List the prime factors of 754714.
2, 353, 1069
What are the prime factors of 210667?
293, 719
List the prime factors of 1497260.
2, 5, 43, 1741
List the prime factors of 11166649.
13, 769, 1117
What are the prime factors of 11439230?
2, 5, 11, 103993
List the prime factors of 197928.
2, 3, 2749
What are the prime factors of 12211096?
2, 1526387
What are the prime factors of 2312644?
2, 163, 3547
List the prime factors of 240127.
109, 2203
List the prime factors of 1611366.
2, 3, 271, 991
What are the prime factors of 710885?
5, 7, 19, 1069
What are the prime factors of 311156?
2, 107, 727
List the prime factors of 4983197.
37, 134681
List the prime factors of 98733.
3, 32911
List the prime factors of 3092956.
2, 773239
List the prime factors of 1535840.
2, 5, 29, 331
List the prime factors of 180242.
2, 90121
List the prime factors of 1794632.
2, 7, 73, 439
What are the prime factors of 244890?
2, 3, 5, 907
List the prime factors of 1581293.
7, 223, 1013
List the prime factors of 2741847.
3, 101, 9049
What are the prime factors of 173608?
2, 21701
What are the prime factors of 2766752?
2, 86461
What are the prime factors of 729563?
67, 10889
List the prime factors of 746228.
2, 7, 29, 919
List the prime factors of 224308.
2, 7, 8011
List the prime factors of 37883.
43, 881
List the prime factors of 14946208.
2, 617, 757
What are the prime factors of 8560476?
2, 3, 237791
List the prime factors of 611641.
611641
What are the prime factors of 4139660?
2, 5, 7, 29569
List the prime factors of 138042.
2, 3, 7669
What are the prime factors of 622401?
3, 13, 15959
What are the prime factors of 1244789?
7, 13, 13679
List the prime factors of 549669.
3, 43, 4261
List the prime factors of 24348665.
5, 11, 442703
List the prime factors of 5909438.
2, 17, 173807
What are the prime factors of 180028?
2, 45007
List the prime factors of 60843.
3, 17, 1193
List the prime factors of 52698.
2, 3, 8783
List the prime factors of 4623214.
2, 97, 23831
List the prime factors of 78091.
13, 6007
What are the prime factors of 529093?
19, 27847
List the prime factors of 734654.
2, 19, 19333
List the prime factors of 588290.
2, 5, 89, 661
List the prime factors of 41959732.
2, 10489933
List the prime factors of 12159215.
5, 2431843
What are the prime factors of 2914466?
2, 107, 13619
List the prime factors of 1128649.
127, 8887
What are the prime factors of 26254060?
2, 5, 7, 277, 677
List the prime factors of 82036.
2, 20509
List the prime factors of 466837.
7, 17, 3923
List the prime factors of 60896.
2, 11, 173
What are the prime factors of 409880?
2, 5, 10247
What are the prime factors of 7225409?
2477, 2917
List the prime factors of 168397.
19, 8863
List the prime factors of 775083.
3, 29, 59, 151
List the prime factors of 2593.
2593
What are the prime factors of 12734172?
2, 3, 11, 397
What are the prime factors of 112164?
2, 3, 13, 719
What are the prime factors of 476508?
2, 3, 39709
List the prime factors of 1620790.
2, 5, 162079
List the prime factors of 11804914.
2, 11, 29, 18503
What are the prime factors of 1820334?
2, 3, 303389
List the prime factors of 3198505.
5, 639701
List the prime factors of 630191.
61, 10331
List the prime factors of 5284920.
2, 3, 5, 44041
List the prime factors of 3081251.
43, 131, 547
What are the prime factors of 391571?
19, 37, 557
List the prime factors of 1203058.
2, 293, 2053
What are the prime factors of 14387283?
3, 1598587
What are the prime factors of 740024?
2, 92503
What are the prime factors of 7194125?
5, 67, 859
List the prime factors of 10641140.
2, 5, 19, 41, 683
What are the prime factors of 145296?
2, 3, 1009
What are the prime factors of 18189920?
2, 5, 7, 109, 149
What are the prime factors of 20751452?
2, 5187863
List the prime factors of 11567849.
373, 31013
List the prime factors of 852624.
2, 3, 31, 191
List the prime factors of 1580536.
2, 197567
List the prime factors of 5023784.
2, 627973
List the prime factors of 10189146.
2, 3, 11, 263, 587
What are the prime factors of 6887957?
37, 186161
List the prime factors of 651900.
2, 3, 5, 41, 53
List the prime factors of 25861939.
29, 41, 21751
List the prime factors of 217361.
217361
What are the prime factors of 65289?
3, 7, 3109
List the prime factors of 7105733.
7105733
What are the prime factors of 619009?
619009
What are the prime factors of 611295?
3, 5, 83, 491
What are the prime factors of 738023?
11, 13, 397
List 